{"id":1891,"date":"2023-01-27T13:12:54","date_gmt":"2023-01-27T16:12:54","guid":{"rendered":"http:\/\/novovision.com.ar\/novovision\/?page_id=1891"},"modified":"2023-02-11T19:17:42","modified_gmt":"2023-02-11T22:17:42","slug":"1891-2","status":"publish","type":"page","link":"https:\/\/novovision.com.ar\/novovision\/1891-2\/","title":{"rendered":"Jornada 2023"},"content":{"rendered":"<div class='flex_column_table av-equal-height-column-flextable' ><div class=\"flex_column av_one_full  no_margin flex_column_table_cell av-equal-height-column av-align-top av-zero-column-padding first  \" style='border-radius:0px; '><section class=\"av_textblock_section\"  itemscope=\"itemscope\" itemtype=\"https:\/\/schema.org\/CreativeWork\" ><div class='avia_textblock '   itemprop=\"text\" ><h2 id=\":6k\" class=\"hP\" style=\"text-align: center;\" tabindex=\"-1\" data-thread-perm-id=\"thread-a:r-7240850082832448594\" data-legacy-thread-id=\"185f3b373defaddb\"><strong>JORNADA INTERNACIONAL DE BAJA VISION<\/strong><\/h2>\n<div id=\":6g\" class=\"pG\" data-tooltip-contained=\"true\" data-tooltip-align=\"b,l\" data-tooltip-delay=\"1500\"><\/div>\n<h2 style=\"text-align: center;\"><\/h2>\n<div id=\"gtx-trans\" style=\"position: absolute; left: 47px; top: -4.44886px;\"><\/div>\n<\/div><\/section><\/div><\/div><!--close column table wrapper. Autoclose:  -->\n<div class=\"flex_column av_one_full  flex_column_div av-zero-column-padding first  \" style='border-radius:0px; '><section class=\"av_textblock_section\"  itemscope=\"itemscope\" itemtype=\"https:\/\/schema.org\/CreativeWork\" ><div class='avia_textblock '   itemprop=\"text\" ><div dir=\"ltr\">\n<div class=\"adL\">\n<p><strong><span dir=\"ltr\">Jueves 16 de marzo 2023 de 9 a 17<\/span>\u00a0hs.<\/strong><\/p>\n<\/div>\n<\/div>\n<div dir=\"ltr\">\n<div class=\"adL\">\n<p><strong>Lugar: Av. Pte. Quintana 174, Ciudad de Buenos Aires- Argentina\u00a0<\/strong><\/p>\n<p><strong>Directora: Dra.\u00a0Ver\u00f3nica L\u00f3pez Fern\u00e1ndez<\/strong><\/p>\n<p>Dirigido a profesionales del\u00a0\u00e1rea de Salud y Educaci\u00f3n afines a la tem\u00e1tica de la rehabilitaci\u00f3n visual.<\/p>\n<p>La jornada tiene como objetivo reunir a destacados profesionales del continente americano que estar\u00e1n en Buenos Aires para el Congreso Panamericano de Oftalmolog\u00eda 2023 y poder intercambiar experiencias y conocimientos con colegas\u00a0involucrados en la rehabilitaci\u00f3n visual.<\/p>\n<div><\/div>\n<p><strong>Disertantes extranjeros<\/strong><\/p>\n<p>Vania\u00a0Licett\u00a0Garc\u00eda Aliaga,\u00a0MD- Bolivia<\/p>\n<p>Galton C Vasconcelos, MD\u00a0&#8211; \u00a0Brasil<\/p>\n<p>Mildred Fromow Guerra, MD- M\u00e9xico<\/p>\n<p>Luciene Chaves Fernandes,\u00a0MD- Brasil<\/p>\n<p>Carla Saavedra, MD- Bolivia<\/p>\n<p>Rosario Espinosa, MD- Per\u00fa<\/p>\n<p>Dra. Mylene Matsuhara. Brasil<\/p>\n<p>Dra. Lourdes Medina. M\u00e9xico<\/p>\n<div><\/div>\n<p><strong>Disertantes nacionales<\/strong><\/p>\n<p>Dra. Mar\u00eda Schmidt<\/p>\n<p>Dra. Sylvina Conti<\/p>\n<p>Dra. Ver\u00f3nica Terre y equipo Hospital Manuel Rocca<\/p>\n<p>Dra. Ver\u00f3nica L\u00f3pez Fern\u00e1ndez y equipo Hospital Oftalmol\u00f3gico Santa Luc\u00eda<\/p>\n<p>Dra. Fernanda Vallejos<\/p>\n<p>Dr.Ramon Salinas<\/p>\n<p>Ing. Mat\u00edas Acerbi<\/p>\n<p>Lic. Martin De Tomas<\/p>\n<p>Prof. Marisa Bartolom\u00e9<\/p>\n<p>Prof. Liana Magari\u00f1os<\/p>\n<p>Prof. Susana Pereira<\/p>\n<p>Prof.Betiana Saldivia<\/p>\n<p>Prof.Clara Miraldi<\/p>\n<p>Prof.Virginia Hermida<\/p>\n<div><\/div>\n<p><strong><span style=\"font-family: 'Calibri Light';\">TEMARIO<\/span><\/strong><\/p>\n<div>&#8211;\u00a0Albinismo<\/div>\n<div>&#8211;\u00a0Miop\u00eda y baja visi\u00f3n\u00a0en ni\u00f1os\u00a0y\u00a0adultos<\/div>\n<div>&#8211; Rehabilitaci\u00f3n visual seg\u00fan campimetricos<\/div>\n<div>&#8211; Evaluaci\u00f3n y ab\u00f3rdale en pacientes con da\u00f1o neurol\u00f3gico<\/div>\n<div>&#8211;\u00a0Ayudas\u00a0\u00d3pticas y electr\u00f3nicas en ni\u00f1os. Prescripciones e indicaciones.<\/div>\n<div>&#8211;\u00a0Ni\u00f1os con baja visi\u00f3n en etapa escolar.<\/div>\n<div>&#8211;\u00a0Ni\u00f1os\u00a0con discapacidad m\u00faltiple.<\/div>\n<div>&#8211;\u00a0Inclusi\u00f3n educativa en baja visi\u00f3n, ni\u00f1os, adolescentes y adultos.<\/div>\n<div>&#8211; Recursos y estrategias en rehabilitaci\u00f3n visual.<\/div>\n<div>&#8211;\u00a0Prismas\u00a0en Baja Visi\u00f3n.<\/div>\n<div>&#8211;\u00a0Prescripci\u00f3n y entrenamiento para el uso de telescopios en adultos.<\/div>\n<div>&#8211;\u00a0Rehabilitaci\u00f3n visual para la inclusi\u00f3n laboral<\/div>\n<div>&#8211; Movilidad y Perros gu\u00eda<\/div>\n<\/div>\n<\/div>\n<div dir=\"ltr\">\n<div class=\"adL\">\n<div>&#8211;\u00a0\u00daltimos\u00a0avances en ayudas electr\u00f3nicas<\/div>\n<\/div>\n<\/div>\n<div><\/div>\n<\/div><\/section><\/div>\n<div class=\"flex_column av_one_full  flex_column_div av-zero-column-padding first  \" style='border-radius:0px; '><section class=\"av_textblock_section\"  itemscope=\"itemscope\" itemtype=\"https:\/\/schema.org\/CreativeWork\" ><div class='avia_textblock '  style='font-size:18px; '  itemprop=\"text\" ><h2 style=\"text-align: center;\"><strong>Datos de pago<\/strong><\/h2>\n<p><b>Evento sin fines de lucro. Los disertantes no cobrar\u00e1n honorarios profesionales.<\/b><\/p>\n<p><strong>Los participantes s\u00f3lo deber\u00e1n abonar $3000 (pesos argentinos)<\/strong>\u00a0en concepto de materiales, refrigerio y soporte tecnol\u00f3gico, a trav\u00e9s de transferencia bancaria.<\/p>\n<p>CBU:\u00a0<strong>0110627130062703849529<\/strong><br \/>\nAlias:\u00a0<strong>apicco<\/strong><br \/>\nPICCO ALEJANDRO MARCELO FR 20173784598<\/p>\n<p><strong>Importante: Enviar comprobante de pago a info@novovision.com.ar<\/strong><\/p>\n<div style=\"position: absolute; left: 39px; top: 37.8889px;\"><\/div>\n<div style=\"position: absolute; left: 75px; top: 37.8889px;\"><\/div>\n<div style=\"position: absolute; left: 90px; top: -4.08333px;\"><\/div>\n<div id=\"gtx-trans\" style=\"position: absolute; left: 93px; top: 361.653px;\"><\/div>\n<\/div><\/section><\/div>\n<div class='flex_column_table av-equal-height-column-flextable' ><div class=\"flex_column av_one_half  no_margin flex_column_table_cell av-equal-height-column av-align-top first  \" style='padding:0px 0px 0px 0px ; border-radius:0px; '><div class='avia-button-wrap avia-button-center '><a href='https:\/\/novovision.com.ar\/novovision\/pre_incripcion-jornada-2023\/' class='avia-button av-icon-on-hover avia-icon_select-yes-left-icon avia-color-theme-color avia-size-small avia-position-center '   ><span class='avia_button_icon avia_button_icon_left ' aria-hidden='true' data-av_icon='\ue836' data-av_iconfont='entypo-fontello'><\/span><span class='avia_iconbox_title' >INSCRIPCI\u00d3N<\/span><\/a><\/div><\/div>\n<div class=\"flex_column av_one_half  no_margin flex_column_table_cell av-equal-height-column av-align-top av-zero-column-padding   \" style='border-radius:0px; '><div class='avia-button-wrap avia-button-center '><a href='https:\/\/novovision.com.ar\/novovision\/programa-jornada-2023\/' class='avia-button av-icon-on-hover avia-icon_select-yes-left-icon avia-color-theme-color avia-size-small avia-position-center '   ><span class='avia_button_icon avia_button_icon_left ' aria-hidden='true' data-av_icon='\ue81e' data-av_iconfont='entypo-fontello'><\/span><span class='avia_iconbox_title' >Programa<\/span><\/a><\/div><\/div><\/div><!--close column table wrapper. Autoclose:  -->\n","protected":false},"excerpt":{"rendered":"","protected":false},"author":1,"featured_media":0,"parent":0,"menu_order":0,"comment_status":"closed","ping_status":"closed","template":"","meta":{"footnotes":""},"class_list":["post-1891","page","type-page","status-publish","hentry"],"_links":{"self":[{"href":"https:\/\/novovision.com.ar\/novovision\/wp-json\/wp\/v2\/pages\/1891","targetHints":{"allow":["GET"]}}],"collection":[{"href":"https:\/\/novovision.com.ar\/novovision\/wp-json\/wp\/v2\/pages"}],"about":[{"href":"https:\/\/novovision.com.ar\/novovision\/wp-json\/wp\/v2\/types\/page"}],"author":[{"embeddable":true,"href":"https:\/\/novovision.com.ar\/novovision\/wp-json\/wp\/v2\/users\/1"}],"replies":[{"embeddable":true,"href":"https:\/\/novovision.com.ar\/novovision\/wp-json\/wp\/v2\/comments?post=1891"}],"version-history":[{"count":17,"href":"https:\/\/novovision.com.ar\/novovision\/wp-json\/wp\/v2\/pages\/1891\/revisions"}],"predecessor-version":[{"id":1939,"href":"https:\/\/novovision.com.ar\/novovision\/wp-json\/wp\/v2\/pages\/1891\/revisions\/1939"}],"wp:attachment":[{"href":"https:\/\/novovision.com.ar\/novovision\/wp-json\/wp\/v2\/media?parent=1891"}],"curies":[{"name":"wp","href":"https:\/\/api.w.org\/{rel}","templated":true}]}}

<div class='flex_column_table av-equal-height-column-flextable' ><div class="flex_column av_one_full  no_margin flex_column_table_cell av-equal-height-column av-align-top av-zero-column-padding first  " style='border-radius:0px; '><section class="av_textblock_section"  itemscope="itemscope" itemtype="https://schema.org/CreativeWork" ><div class='avia_textblock '   itemprop="text" ><h2 id=":6k" class="hP" style="text-align: center;" tabindex="-1" data-thread-perm-id="thread-a:r-7240850082832448594" data-legacy-thread-id="185f3b373defaddb"><strong>JORNADA INTERNACIONAL DE BAJA VISION</strong></h2>
<div id=":6g" class="pG" data-tooltip-contained="true" data-tooltip-align="b,l" data-tooltip-delay="1500"></div>
<h2 style="text-align: center;"></h2>
<div id="gtx-trans" style="position: absolute; left: 47px; top: -4.44886px;"></div>
</div></section></div></div><!--close column table wrapper. Autoclose:  -->
<div class="flex_column av_one_full  flex_column_div av-zero-column-padding first  " style='border-radius:0px; '><section class="av_textblock_section"  itemscope="itemscope" itemtype="https://schema.org/CreativeWork" ><div class='avia_textblock '   itemprop="text" ><div dir="ltr">
<div class="adL">
<p><strong><span dir="ltr">Jueves 16 de marzo 2023 de 9 a 17</span> hs.</strong></p>
</div>
</div>
<div dir="ltr">
<div class="adL">
<p><strong>Lugar: Av. Pte. Quintana 174, Ciudad de Buenos Aires- Argentina </strong></p>
<p><strong>Directora: Dra. Verónica López Fernández</strong></p>
<p>Dirigido a profesionales del área de Salud y Educación afines a la temática de la rehabilitación visual.</p>
<p>La jornada tiene como objetivo reunir a destacados profesionales del continente americano que estarán en Buenos Aires para el Congreso Panamericano de Oftalmología 2023 y poder intercambiar experiencias y conocimientos con colegas involucrados en la rehabilitación visual.</p>
<div></div>
<p><strong>Disertantes extranjeros</strong></p>
<p>Vania Licett García Aliaga, MD- Bolivia</p>
<p>Galton C Vasconcelos, MD &#8211;  Brasil</p>
<p>Mildred Fromow Guerra, MD- México</p>
<p>Luciene Chaves Fernandes, MD- Brasil</p>
<p>Carla Saavedra, MD- Bolivia</p>
<p>Rosario Espinosa, MD- Perú</p>
<p>Dra. Mylene Matsuhara. Brasil</p>
<p>Dra. Lourdes Medina. México</p>
<div></div>
<p><strong>Disertantes nacionales</strong></p>
<p>Dra. María Schmidt</p>
<p>Dra. Sylvina Conti</p>
<p>Dra. Verónica Terre y equipo Hospital Manuel Rocca</p>
<p>Dra. Verónica López Fernández y equipo Hospital Oftalmológico Santa Lucía</p>
<p>Dra. Fernanda Vallejos</p>
<p>Dr.Ramon Salinas</p>
<p>Ing. Matías Acerbi</p>
<p>Lic. Martin De Tomas</p>
<p>Prof. Marisa Bartolomé</p>
<p>Prof. Liana Magariños</p>
<p>Prof. Susana Pereira</p>
<p>Prof.Betiana Saldivia</p>
<p>Prof.Clara Miraldi</p>
<p>Prof.Virginia Hermida</p>
<div></div>
<p><strong><span style="font-family: 'Calibri Light';">TEMARIO</span></strong></p>
<div>&#8211; Albinismo</div>
<div>&#8211; Miopía y baja visión en niños y adultos</div>
<div>&#8211; Rehabilitación visual según campimetricos</div>
<div>&#8211; Evaluación y abórdale en pacientes con daño neurológico</div>
<div>&#8211; Ayudas Ópticas y electrónicas en niños. Prescripciones e indicaciones.</div>
<div>&#8211; Niños con baja visión en etapa escolar.</div>
<div>&#8211; Niños con discapacidad múltiple.</div>
<div>&#8211; Inclusión educativa en baja visión, niños, adolescentes y adultos.</div>
<div>&#8211; Recursos y estrategias en rehabilitación visual.</div>
<div>&#8211; Prismas en Baja Visión.</div>
<div>&#8211; Prescripción y entrenamiento para el uso de telescopios en adultos.</div>
<div>&#8211; Rehabilitación visual para la inclusión laboral</div>
<div>&#8211; Movilidad y Perros guía</div>
</div>
</div>
<div dir="ltr">
<div class="adL">
<div>&#8211; Últimos avances en ayudas electrónicas</div>
</div>
</div>
<div></div>
</div></section></div>
<div class="flex_column av_one_full  flex_column_div av-zero-column-padding first  " style='border-radius:0px; '><section class="av_textblock_section"  itemscope="itemscope" itemtype="https://schema.org/CreativeWork" ><div class='avia_textblock '  style='font-size:18px; '  itemprop="text" ><h2 style="text-align: center;"><strong>Datos de pago</strong></h2>
<p><b>Evento sin fines de lucro. Los disertantes no cobrarán honorarios profesionales.</b></p>
<p><strong>Los participantes sólo deberán abonar $3000 (pesos argentinos)</strong> en concepto de materiales, refrigerio y soporte tecnológico, a través de transferencia bancaria.</p>
<p>CBU: <strong>0110627130062703849529</strong><br />
Alias: <strong>apicco</strong><br />
PICCO ALEJANDRO MARCELO FR 20173784598</p>
<p><strong>Importante: Enviar comprobante de pago a info@novovision.com.ar</strong></p>
<div style="position: absolute; left: 39px; top: 37.8889px;"></div>
<div style="position: absolute; left: 75px; top: 37.8889px;"></div>
<div style="position: absolute; left: 90px; top: -4.08333px;"></div>
<div id="gtx-trans" style="position: absolute; left: 93px; top: 361.653px;"></div>
</div></section></div>
<div class='flex_column_table av-equal-height-column-flextable' ><div class="flex_column av_one_half  no_margin flex_column_table_cell av-equal-height-column av-align-top first  " style='padding:0px 0px 0px 0px ; border-radius:0px; '><div class='avia-button-wrap avia-button-center '><a href='https://novovision.com.ar/novovision/pre_incripcion-jornada-2023/' class='avia-button av-icon-on-hover avia-icon_select-yes-left-icon avia-color-theme-color avia-size-small avia-position-center '   ><span class='avia_button_icon avia_button_icon_left ' aria-hidden='true' data-av_icon='' data-av_iconfont='entypo-fontello'></span><span class='avia_iconbox_title' >INSCRIPCIÓN</span></a></div></div>
<div class="flex_column av_one_half  no_margin flex_column_table_cell av-equal-height-column av-align-top av-zero-column-padding   " style='border-radius:0px; '><div class='avia-button-wrap avia-button-center '><a href='https://novovision.com.ar/novovision/programa-jornada-2023/' class='avia-button av-icon-on-hover avia-icon_select-yes-left-icon avia-color-theme-color avia-size-small avia-position-center '   ><span class='avia_button_icon avia_button_icon_left ' aria-hidden='true' data-av_icon='' data-av_iconfont='entypo-fontello'></span><span class='avia_iconbox_title' >Programa</span></a></div></div></div><!--close column table wrapper. Autoclose:  -->
